71
What are the prime factors of 1680?
2, 3, 5, 7
List the prime factors of 21014.
2, 7, 19, 79
List the prime factors of 2528.
2, 79
List the prime factors of 71283.
3, 23761
What are the prime factors of 4481?
4481
What are the prime factors of 7378?
2, 7, 17, 31
List the prime factors of 4907.
7, 701
What are the prime factors of 79529?
67, 1187
List the prime factors of 44869.
11, 4079
List the prime factors of 274.
2, 137
What are the prime factors of 26681?
26681
List the prime factors of 411.
3, 137
What are the prime factors of 1437?
3, 479
What are the prime factors of 469?
7, 67
What are the prime factors of 1722?
2, 3, 7, 41
List the prime factors of 1760.
2, 5, 11
What are the prime factors of 87120?
2, 3, 5, 11
What are the prime factors of 1717?
17, 101
What are the prime factors of 261?
3, 29
List the prime factors of 65467.
17, 3851
List the prime factors of 1127.
7, 23
List the prime factors of 1658.
2, 829
List the prime factors of 1155.
3, 5, 7, 11
What are the prime factors of 2011?
2011
What are the prime factors of 3874?
2, 13, 149
What are the prime factors of 6051?
3, 2017
What are the prime factors of 14692?
2, 3673
What are the prime factors of 490?
2, 5, 7
List the prime factors of 36098.
2, 18049
What are the prime factors of 2399?
2399
What are the prime factors of 30172?
2, 19, 397
List the prime factors of 3993.
3, 11
List the prime factors of 5882.
2, 17, 173
What are the prime factors of 9853?
59, 167
What are the prime factors of 144449?
17, 29, 293
List the prime factors of 5174.
2, 13, 199
What are the prime factors of 54?
2, 3
List the prime factors of 4143.
3, 1381
List the prime factors of 7593.
3, 2531
List the prime factors of 6177.
3, 29, 71
List the prime factors of 5010.
2, 3, 5, 167
List the prime factors of 2038.
2, 1019
List the prime factors of 284.
2, 71
What are the prime factors of 10112?
2, 79
List the prime factors of 933.
3, 311
What are the prime factors of 5871?
3, 19, 103
List the prime factors of 47318.
2, 59, 401
What are the prime factors of 7381?
11, 61
What are the prime factors of 922?
2, 461
List the prime factors of 13504.
2, 211
What are the prime factors of 175787?
37, 4751
What are the prime factors of 71771?
7, 10253
List the prime factors of 4162.
2, 2081
List the prime factors of 17050.
2, 5, 11, 31
What are the prime factors of 18976?
2, 593
List the prime factors of 27056.
2, 19, 89
List the prime factors of 7943.
13, 47
List the prime factors of 964.
2, 241
What are the prime factors of 471?
3, 157
List the prime factors of 192780.
2, 3, 5, 7, 17
What are the prime factors of 6969?
3, 23, 101
What are the prime factors of 102957?
3, 34319
List the prime factors of 5139.
3, 571
What are the prime factors of 315?
3, 5, 7
What are the prime factors of 133703?
19, 31, 227
What are the prime factors of 557?
557
What are the prime factors of 453?
3, 151
What are the prime factors of 188?
2, 47
What are the prime factors of 3325?
5, 7, 19
What are the prime factors of 19109?
97, 197
What are the prime factors of 5263?
19, 277
List the prime factors of 652.
2, 163
List the prime factors of 428.
2, 107
What are the prime factors of 16?
2
List the prime factors of 1010.
2, 5, 101
What are the prime factors of 1312?
2, 41
What are the prime factors of 30116?
2, 7529
What are the prime factors of 41447?
7, 31, 191
What are the prime factors of 48585?
3, 5, 41, 79
List the prime factors of 34399.
41, 839
What are the prime factors of 34797?
3, 7, 1657
List the prime factors of 55.
5, 11
What are the prime factors of 82238?
2, 13, 3163
List the prime factors of 4672.
2, 73
What are the prime factors of 22278?
2, 3, 47, 79
What are the prime factors of 18793?
18793
What are the prime factors of 14956?
2, 3739
What are the prime factors of 5583?
3, 1861
List the prime factors of 108758.
2, 13, 47, 89
List the prime factors of 4008.
2, 3, 167
What are the prime factors of 7020?
2, 3, 5, 13
What are the prime factors of 29251?
29251
What are the prime factors of 117101?
117101
What are the prime factors of 719?
719
List the prime factors of 9845.
5, 11, 179
List the prime factors of 4619.
31, 149
What are the prime factors of 56246?
2, 28123
What are the prime factors of 45502?
2, 22751
List the prime factors of 426.
2, 3, 71
What are the prime factors of 7059?
3, 13, 181
List the prime factors of 6697.
37, 181
List the prime factors of 51406.
2, 25703
List the prime factors of 51619.
41, 1259
What are the prime factors of 5703?
3, 1901
What are the prime factors of 142?
2, 71
What are the prime factors of 6168?
2, 3, 257
List the prime factors of 5589.
3, 23
What are the prime factors of 19948?
2, 4987
List the prime factors of 95954.
2, 47977
What are the prime factors of 6176?
2, 193
What are the prime factors of 53713?
11, 19, 257
What are the prime factors of 2547?
3, 283
What are the prime factors of 14518?
2, 7, 17, 61
What are the prime factors of 17211?
3, 5737
What are the prime factors of 88?
2, 11
List the prime factors of 679.
7, 97
What are the prime factors of 5990?
2, 5, 599
List the prime factors of 1836.
2, 3, 17
What are the prime factors of 9820?
2, 5, 491
What are the prime factors of 2899?
13, 223
List the prime factors of 163635.
3, 5, 10909
What are the prime factors of 4092?
2, 3, 11, 31
What are the prime factors of 6048?
2, 3, 7
What are the prime factors of 66256?
2, 41, 101
List the prime factors of 975.
3, 5, 13
List the prime factors of 42969.
3, 14323
What are the prime factors of 15275?
5, 13, 47
List the prime factors of 182.
2, 7, 13
List the prime factors of 8812.
2, 2203
List the prime factors of 54661.
47, 1163
What are the prime factors of 131466?
2, 3, 21911
List the prime factors of 1976.
2, 13, 19
List the prime factors of 1055.
5, 211
What are the prime factors of 67606?
2, 7, 11, 439
List the prime factors of 1886.
2, 23, 41
List the prime factors of 137540.
2, 5, 13, 23
List the prime factors of 3704.
2, 463
What are the prime factors of 25274?
2, 12637
List the prime factors of 17059.
7, 2437
List the prime factors of 12028.
2, 31, 97
List the prime factors of 999.
3, 37
List the prime factors of 37076.
2, 13, 23, 31
List the prime factors of 15929.
17, 937
List the prime factors of 33464.
2, 47, 89
List the prime factors of 29309.
7, 53, 79
What are the prime factors of 109?
109
List the prime factors of 11588.
2, 2897
What are the prime factors of 2343?
3, 11, 71
What are the prime factors of 1657?
1657
List the prime factors of 8935.
5, 1787
What are the prime factors of 14291?
31, 461
What are the prime factors of 49075?
5, 13, 151
What are the prime factors of 5134?
2, 17, 151
List the prime factors of 18378.
2, 3, 1021
What are the prime factors of 17770?
2, 5, 1777
List the prime factors of 80408.
2, 19, 23
What are the prime factors of 43088?
2, 2693
List the prime factors of 30.
2, 3, 5
What are the prime factors of 853?
853
What are the prime factors of 115221?
3, 193, 199
List the prime factors of 1494.
2, 3, 83
List the prime factors of 739.
739
What are the prime factors of 21378?
2, 3, 7, 509
List the prime factors of 1849.
43
What are the prime factors of 98040?
2, 3, 5, 19, 43
List the prime factors of 39214.
2, 7, 2801
What are the prime factors of 15798?
2, 3, 2633
What are the prime factors of 23742?
2, 3, 1319
What are the prime factors of 3329?
3329
List the prime factors of 16212.
2, 3, 7, 193
What are the prime factors of 6185?
5, 1237
List the prime factors of 1250.
2, 5
What are the prime factors of 81990?
2, 3, 5, 911
What are the prime factors of 2682?
2, 3, 149
List the prime factors of 1490.
2, 5, 149
List the prime factors of 2432.
2, 19
List the prime factors of 10969.
7, 1567
What are the prime factors of 10849?
19, 571
List the prime factors of 3368.
2, 421
List the prime factors of 15751.
19, 829
List the prime factors of 20227.
113, 179
What are the prime factors of 2056?
2, 257
What are the prime factors of 829?
829
What are the prime factors of 4610?
2, 5, 461
List the prime factors of 725.
5, 29
List the prime factors of 9254.
2, 7, 661
What are the prime factors of 1168?
2, 73
List the prime factors of 3877.
3877
What are the prime factors of 53763?
3, 17921
What are the prime factors of 4917?
3, 11,